ose 0 = j - 7 + 2. Suppose -5*q + q - k - 22 = 0, j*q - k + 32 = 0. Is ((-28)/8)/(3/q) composite?
False
Suppose 2*w - 11848 = 8890. Is w prime?
True
Let a = 21236 + 43943. Is a prime?
True
Suppose -15*h - 26 = -86. Is h + -2 + 1 + 4916 a composite number?
False
Let t = -7 - -10. Suppose 6*m - 151 = -139. Suppose m*z + 0*z = -5*b + 1659, 0 = -5*b - t*z + 1661. Is b a prime number?
True
Suppose 3*q = n - 3*n - 11, -2*n + 14 = -2*q. Suppose -f - 4*r + 18 = 0, -5*f - r + n*r - 15 = 0. Is (-1)/f + (-7620)/(-8) a composite number?
False
Suppose 52*y - 315293 - 56559 = 0. Is y composite?
False
Is (-225 + 2)/((-8)/24) prime?
False
Suppose 9 = f + 4*q - 0, -f + 2*q + 3 = 0. Suppose o - 78 = -f*r, 4*r + 0 + 20 = 0. Is o prime?
True
Let y(r) = 3*r**3 - 8*r**2 + 9*r - r**3 + 13 - 3*r**3. Suppose v = 4*q + 4*v + 51, 5*q + 5*v + 70 = 0. Is y(q) composite?
False
Suppose -5*w + 7033 = -3*r, 2*r - 11 = -3. Is w composite?
False
Let z = 5116 - 789. Is z prime?
True
Suppose -6*r = -3*r. Suppose 0*z - z + 571 = r. Is z a composite number?
False
Suppose 0 = o + 4, -3*x - 928 = -4*o + 1342. Let h = x + 1211. Is h composite?
False
Let x = 0 - 0. Let k be (1 - (x + -2)) + 147. Suppose -4*s + k = -2*g, 4 + 1 = -5*g. Is s a prime number?
True
Suppose 3*r - 4*r = j - 7, -r = -4*j + 18. Suppose r*t - 633 = -t. Is t a prime number?
True
Suppose -5*n = 5*j - 3135, 0*n + 10 = -5*n. Suppose -5*x - 4*f = -2*f - j, 5*x = f + 638. Is x a prime number?
True
Let z = 34 + -32. Suppose -c = -m - 4, 2*m + z = -2*c - 2. Is 1/((c + -4)/(-618)) prime?
False
Suppose -5*x + 2*m - 362 + 12777 = 0, 5*x - 12415 = -3*m. Is x a composite number?
True
Suppose -41617 = -17*u + 3977. Suppose 0 = -18*f + 12*f + u. Is f prime?
False
Suppose 16*a + 4487 - 215223 = 0. Is a prime?
True
Suppose -23*k + 22*k + 4 = 0. Suppose -3*d + 2*n + 283 = 2*d, -5*d = -k*n - 291. Is d prime?
False
Let s = -13 - -17. Suppose 3*w = x - 266, s*x + 0*x - 3*w - 1019 = 0. Is x composite?
False
Let p(v) = v**3 + 37*v**2 - 33*v + 54. Is p(-35) prime?
True
Let g(k) = -k**3 + 5*k**2 + 3*k - 7. Let s be g(5). Suppose s*r - 505 = 7*r. Is r a prime number?
False
Suppose 2*r - 217 = 229. Suppose -999 = -4*i + 2*c + r, 4*i - 1213 = 5*c. Is i a composite number?
False
Suppose -12*o = -47*o + 102445. Is o composite?
False
Let p(g) = 2*g**3 - 2*g**2 + g + 1. Let s be p(2). Suppose -s*q + 27996 = 7459. Is q a prime number?
True
Let y(r) be the first derivative of -3*r**2/2 - 24*r - 2. Let m be y(-8). Suppose -5*n + 9*n - 3548 = m. Is n prime?
True
Let t = 112 + 1581. Is t a prime number?
True
Let x(v) = 2 + 2 + 7 - 15*v + 5*v**2. Is x(-12) composite?
False
Let l be (7/3)/((-1)/6). Let y(j) = -j**3 + 5*j**2 + 7*j + 8. Let o be y(6). Is (-4)/l + 514/o composite?
False
Let x(u) = -848*u**3 - 3*u**2 - 9*u + 5. Is x(-3) a prime number?
True
Let x be 128/(-24)*3/(-4). Is (x/2)/((-7)/((-20811)/6)) composite?
False
Suppose -2*t + 9400 = 666. Is t composite?
True
Let a be (-2)/(-6) - (-30)/18. Suppose -a*n = 3*s - 3602, -5*n - 2*s + 7204 = -n. Is n composite?
False
Let r = 139 + 101. Let p = r + -79. Is p a composite number?
True
Suppose -4*j - 6 = -7*j. Suppose -2*y - j*y + 2260 = 0. Let v = y - 312. Is v prime?
False
Let h(a) = a**3 - 9*a**2 + 84*a + 341. Is h(42) a composite number?
False
Suppose -3*j + 3*b + 5364 = 0, 4*b = -2*j - 0*j + 3582. Suppose -2*f + 0*f = -8, 3*f = h - j. Is h prime?
True
Let n(g) = g**3 - 11*g**2 + 5*g. Let x(s) = 8*s - 10. Let o be x(4). Suppose w + o = 3*w. Is n(w) a prime number?
False
Is (-58 - -64) + (1073 - -2) prime?
False
Let q(f) = 717*f + 115. Is q(6) prime?
False
Let n = -86 - -82. Let k(d) = -19*d - 7. Let f(g) = 19*g + 6. Let s(t) = 2*f(t) + 3*k(t). Is s(n) prime?
True
Suppose -2*f + h + 2116 = 0, 7*f + 3*h = 2*f + 5290. Let t = 2209 - f. Is t a prime number?
True
Let a = -5175 + 48836. Is a a prime number?
True
Let f(q) = q**2 - 10*q + 7. Let n be f(10). Is n/(84/27)*4 composite?
True
Let o be -621*(0 - (-4 + 3)). Let i = -307 - o. Suppose -18 = -4*d + i. Is d prime?
True
Suppose -140938 = 9*f + 8570. Let s = -10539 - f. Is s a prime number?
True
Is 11/33*17939 + 4/3 a composite number?
False
Let n = 32 + -27. Let v(i) = -i**3 + 5*i**2 + 5*i - 3. Is v(n) prime?
False
Let o(m) = 335*m**3 + m + 11. Is o(3) composite?
False
Is 7/(28/8) - (-3587)/1 a prime number?
False
Let a = 92 - -109. Let b = a + -88. Is b prime?
True
Suppose 45 = -2*j + 565. Let u be j + -4 + 0 + 3. Let k = u + -132. Is k prime?
True
Suppose 40 - 36 = 2*r, -2680 = -4*k - 2*r. Is k prime?
False
Let f(u) = 4*u**3 - u**2 - 42*u + 32. Is f(19) a composite number?
False
Let a = -3237 + 6349. Let r = a + -1839. Is r a prime number?
False
Let d(a) = -2*a**3 - 6*a**2 + a - 20. Let g be d(-11). Is (-13)/(-3)*g/5 a prime number?
False
Suppose 123035 = -1476*j + 1481*j. Is j a prime number?
False
Let u(t) = 28*t**2 + 152*t - 37. Is u(-39) a composite number?
True
Let q(u) = -u**3 + 6*u**2 - 5. Let w be q(6). Let p be (-24)/40 - (-2)/w. Is (955/(-10))/(p/2) a composite number?
False
Suppose 23*d - 217843 = 19*d - w, 5*d + 2*w - 272303 = 0. Is d a composite number?
True
Let d(w) = -2*w - 9. Let o be d(-3). Is 3/o + 259 + -1 a prime number?
True
Suppose 2*u = 4*o - 12, -3*u = -4*o - 0 + 8. Suppose j = 3*f + 575, -2332 = 2*j - 6*j + u*f. Is j a prime number?
True
Let s(h) = h - 4. Let q(o) = o**3 - 10*o**2 + 8*o + 13. Let c be q(9). Let d be s(c). Suppose -3*y + 513 - 174 = d. Is y a composite number?
False
Let m be (-5)/(-5)*(4 + -10). Is 334/3*(-45)/m prime?
False
Suppose 3*f + 35071 = 5*v, 21035 = 3*v - 4*f + 6*f. Is v composite?
False
Suppose -3*n - 3440 = -7*n. Suppose n = -9*z + 4*z. Let u = z + 299. Is u a prime number?
True
Suppose 12 + 13 = 5*d. Suppose 2*g - 6*g = d*s - 9426, s - 11793 = -5*g. Is g a composite number?
True
Suppose 2*q + 4 = 4*q, -2*a + 3*q = -504. Let k = 403 - a. Suppose -2*o + k = 2*o. Is o prime?
True
Let l(q) = -q**2 - 5*q - 5. Let i be l(-4). Let m be ((-10)/(-25))/(i/(-10)). Suppose -2*f = -5*n + 519, m*n - 4*f - 420 = -0*f. Is n a prime number?
True
Is (3 - (3 + 1579))*44/(-4) a prime number?
False
Let w = -17403 - -29386. Is w a prime number?
False
Let t(y) = -101*y - 106. Is t(-29) prime?
False
Let g be 1 + -4 - (-1 - 2). Suppose 0*d + 4*d = g. Suppose 3*p = -d*p + 237. Is p a composite number?
False
Let q = 1929 + -1291. Suppose 1646 + q = 4*h. Is h a composite number?
False
Suppose 3*d + 341 = z - 164, 4*z + 4*d = 2004. Let h be (1 + -2)*(-7 - -5). Suppose -4*n = -h*n - z. Is n composite?
False
Let u(h) = -2*h**3 + 9*h**2 - 2*h - 19. Let x(w) = -w**3 + 5*w**2 - w - 10. Let i(l) = -6*u(l) + 11*x(l). Let n be i(-3). Let m = -10 - n. Is m a prime number?
True
Let o = -8 - -8. Let z(b) be the second derivative of -b**3/3 + 979*b**2/2 + 11*b. Is z(o) composite?
True
Is 132/(-88)*184146/(-9) prime?
False
Let w be (2 - (-8)/(-2))*-1. Suppose -6 = b - 2*b. Is 5880/72 + w/b a prime number?
False
Is (1 - 3/4)/((-36)/(-7591824)) prime?
True
Is (41560/(-100))/((-4)/20) a prime number?
False
Suppose 0 = 14*y - 17*y. Let c be (-8)/(-10) - 2/(-10). Is (y - c)/((-6)/402) a composite number?
False
Let i be (-2)/6 + 68/(-3). Let f = i + 16. Is 2538/14 - (-2)/f a prime number?
True
Let p be (99/(-6))/(-1)*(-4070)/(-33). Suppose d + 2*m = 4*m + 515, -4*d + p = -3*m. Is d composite?
True
Let b be (-12)/(-8)*(-8)/(-6). Suppose 3*s + 1202 = 7*s - b*w, -5*w = 2*s - 607. Is s a prime number?
False
Suppose p - 53427 = 3*a - 346389, -3*a + 292971 = 2*p. Is a a composite number?
True
Let j = 5 - 5. Suppose -3*c - 2*c + 530 = 0. Suppose j*f = 2*f - c. Is f prime?
True
Let r(g) = 4*g + 8. Let c be r(3). Suppose -19*j + c*j = 191. Is j a prime number?
True
Let v(l) = -5*l + 31. Let x be v(5). Suppose f + 130 = x*f. Is f a composite number?
True
Suppose -5*l + 6525 = -2*w, 0*w = -5*l - w + 6540. Suppose -4*c = 3*b - l, 3*c - 1651 = -2*c + 2*b. Is c a prime number?
False
Let m(w) = w**3 + 5*w**2 - 8*w - 13. Let n be m(-6). Let j be (n + 5)/(3 + -2). Suppose j*v - 228 = -32. Is v a prime number?
False
Suppose 5*p = 5*c + 4285, 1186 = 5*p - 4*c - 3095. Let j = p + -140. Is j prime?
False
Let n(r) = -r**3 - r**2 + 5*r + 5. Let x(v) = -v**3 - 13*v**2 - 11*v + 10. Let m be x(-12). Let h be n(m). Is 185/1*h*-1 composite?
True
Let t(u) = u**3 